f v.
2, 5, 7
Let a be 2/(-6) - (-196)/21. Suppose -3*g - 5 + 29 = 3*q, -2*q = -3*g + a. Suppose -g*y + 52 = -148. List the prime factors of y.
2, 5
Suppose -3*b = b - 16. Let s = 3 - -1. Suppose -5*h + 48 = -h + b*p, 33 = s*h + p. What are the prime factors of h?
7
Let d(q) = -q**3 + 3*q**2 + 5*q - 2. Let a be d(-4). Let t = 179 - a. What are the prime factors of t?
89
Let r = 247 + -228. List the prime factors of r.
19
Let m(o) = -2*o - 1. Let v(h) = h. Let p(s) = -2*m(s) - 5*v(s). Let c be p(-3). Suppose w - c = 5. List the prime factors of w.
2, 5
Let y = 23 + -16. Suppose -4*d - 289 = -y*d - 4*i, 5*i + 375 = 4*d. List the prime factors of d.
5, 19
What are the prime factors of (-168207)/(-195) - (-3)/(-5)?
2, 431
Let i(w) = -w + 35. Let y = -21 + 38. Let d = 17 - y. What are the prime factors of i(d)?
5, 7
Let h(c) = -c**3 + 6*c**2 + 4*c - 6. Let m be h(5). List the prime factors of (-6)/(-39) - (1 - 618/m).
3, 5
Let q(u) = u**3 + 4*u**2 - 7*u + 5. Let l be q(-5). Let w(n) = n**3 - 15*n**2 + 11*n - 32. What are the prime factors of w(l)?
7, 19
Let t = 30 - 53. Let k = 58 + t. What are the prime factors of k?
5, 7
Let p(g) = 128*g**2 - 8*g - 4. What are the prime factors of p(-4)?
2, 3, 173
Let i(b) = -b + 1. Let m be i(0). Let r be (7 + -2)/(m + 0). Suppose r*f = 73 + 37. What are the prime factors of f?
2, 11
Let g(p) be the second derivative of -p**3/3 + 33*p**2/2 - 10*p. List the prime factors of g(0).
3, 11
Suppose 20 = -c + 5*t, 4*c + 3*t - 12 = 3*c. Suppose -o + 2*p = -29 - c, -p = 3*o - 101. List the prime factors of o.
3, 11
Suppose -g - 2*a + 78 = g, -5*g + 4*a + 195 = 0. List the prime factors of g.
3, 13
Suppose 3*o = f - 2091, -82*f = -85*f - 4*o + 6234. What are the prime factors of f?
2, 3, 347
Let k(p) = -p**3 - 20*p**2 + 6*p + 26. List the prime factors of k(-21).
11, 31
Suppose 5*h + 24 = 2*x, 4*h = -4*x - 4 - 4. Let n be 7/28 + (-371)/h. Suppose 3*o + n = 6*o. List the prime factors of o.
31
Suppose 3*s = k + 784, -3*s - 387 = -4*k - 1183. Suppose 2*f + 148 = 3*r + 3*f, -5*r + f + s = 0. Let x = r + -35. What are the prime factors of x?
2
Let z = 471 + -456. What are the prime factors of z?
3, 5
Let c(p) = -p**2 + 3*p - 1. Let m be c(3). Let r = m + 6. Suppose -4*x + 3*l + 27 = -46, x + r*l - 1 = 0. List the prime factors of x.
2
Let o be 2 + (0 - -1) - -1. Suppose 4*r - o*i = -24, 2*r - 6*i = -2*i - 20. Let z = 66 + r. What are the prime factors of z?
2
Let b = 550 + -360. What are the prime factors of b?
2, 5, 19
Let l(x) = -3*x**3 - 6*x**2 - 3*x - 102. List the prime factors of l(-8).
2, 3, 179
Suppose -2*f + 15 = -3*f. Let z be -2*((-6)/(-4))/1. List the prime factors of (0 + f)*(z + 0).
3, 5
Suppose 4*k - 15 = 5*c, -3*k = k + 2*c + 6. Let q = -16 - k. Let d = q - -38. List the prime factors of d.
2, 11
Let s = 14 + -9. Suppose -4*u = a - s, 0*u - 5*a = -4*u + 23. Let b = u + 0. What are the prime factors of b?
2
Let c = -29 + 43. Suppose -c = 3*y - 4*y. What are the prime factors of y?
2, 7
Suppose -10 = 5*m, -m = -5*r + 2*m - 29. Let k(x) = 3*x**2 + 8*x + 6. Let a be k(r). Let j = a - 58. List the prime factors of j.
3, 13
Suppose -13 = -3*s - 5*y + 22, y - 4 = 0. Suppose 5*h = 2*i - 178 - 136, 3*h - 785 = -s*i. What are the prime factors of i?
157
Suppose 0 = r + 3*r. Suppose n + 3 = 0, -2*d + r*n = 3*n - 59. List the prime factors of d.
2, 17
Let y = 7567 - 2415. What are the prime factors of y?
2, 7, 23
Let s(z) be the third derivative of 0 + 1/12*z**4 + 0*z + 6*z**3 - 6*z**2. List the prime factors of s(0).
2, 3
Let c be (6/10)/(8/760). Suppose 3*r = 4*r - c. Let z = r + -16. What are the prime factors of z?
41
List the prime factors of (-60)/(-21)*(-21)/(-6).
2, 5
Suppose -6*p - 5*n + 20 = -8*p, 0 = 3*p - 2*n + 8. Suppose -4*v = -p*v - 236. List the prime factors of v.
59
Suppose -h + 522 = -2*r - 144, 4*r = 5*h - 3318. Let x be 2/(-4) + h/4. Suppose 0 = 5*w - 5*z - x, 5*z = 4*w - 126 - 2. List the prime factors of w.
37
What are the prime factors of -3 + 2 + -2 + 511 + 1?
509
Let q = -373 + 562. What are the prime factors of q?
3, 7
Let y = -1312 + 1700. List the prime factors of y.
2, 97
Suppose 0 = -34*q + 31*q + 45. List the prime factors of 10/3*126/q.
2, 7
Let a = 646 - 286. Suppose 2*f + a = 7*f. What are the prime factors of f?
2, 3
Let i be (378/35)/((-6)/(-15)). Let z = 17 - i. Let m(t) = -t**3 - 11*t**2 - 16*t - 13. List the prime factors of m(z).
47
Let b = -3660 - -5794. List the prime factors of b.
2, 11, 97
Suppose 0 = 2*x - 4*v - 1124, -x + 4*v = -239 - 325. Suppose -y - x = -8*y. List the prime factors of y.
2, 5
Let g be (4/(-2) - 0) + 2. Suppose 0 = -g*s - s. Suppose s*m - 3*p - 42 = -3*m, p + 78 = 5*m. What are the prime factors of m?
2
Let b = -65 - -1599. List the prime factors of b.
2, 13, 59
Let z = 384 - 190. Suppose -5*s - f = -732 + z, -5*f - 334 = -3*s. List the prime factors of s.
2, 3
Let b = 864 + -612. List the prime factors of b.
2, 3, 7
Suppose -3*y + 1728 = 3*y. List the prime factors of y.
2, 3
Let k(c) = 211*c - 1. Let n(f) = -213*f + 1. Let t(o) = -3*k(o) - 2*n(o). List the prime factors of t(-1).
2, 13
Let q(j) = -4*j**2 + 1. Let d be q(1). List the prime factors of 4 + d - (-108)/2.
5, 11
Let v(s) = 29*s**3 - 2*s**2 - 2*s. Let r be v(2). Suppose 4*y + x - r = 0, 3*y - 84 = 2*x + 70. What are the prime factors of y?
2, 3
Suppose -6 = -3*r - 4*v - 0, 4 = 2*r - 5*v. Suppose 5*y - 11 = d - 65, 0 = -r*y. List the prime factors of d.
2, 3
Suppose 3*i + 3*l - 91 = 35, -i = -3*l - 22. Let n = i - 61. Let w = 28 - n. List the prime factors of w.
2, 13
Suppose a - 5*a = -5*i + 84, 2*a - 88 = -4*i. Let q = -5 + i. Let x = q + -9. List the prime factors of x.
2, 3
What are the prime factors of 6404/24 + 2/12?
3, 89
What are the prime factors of 2/(2/3) - 466/(-1)?
7, 67
What are the prime factors of 4/(-10) + (-18927)/10*-2?
5, 757
Let q(v) = -v**2 - 8*v + 4. Let b be q(-9). What are the prime factors of (2/b)/((-9)/1935)?
2, 43
What are the prime factors of (-5)/(-11 - (-2664)/243)?
3, 5
Suppose -327 = -c - 0*c. List the prime factors of c.
3, 109
Let q(l) = l**2 - 26*l - 8. Let t be q(17). Let z = 255 + t. Suppose -10 = -4*d + 10, 0 = -3*v - 2*d + z. List the prime factors of v.
2, 7
Let i = -296 - -778. List the prime factors of i.
2, 241
Suppose 13*y - 12*y - 47 = -2*o, 5*y = 2*o - 17. List the prime factors of o.
3, 7
Let g(u) = u**3 - 16*u**2 - 18*u + 24. Let x(r) = r**3 + 9*r**2 + 2*r + 1. Let z be x(-7). Suppose 6*v - z = v. List the prime factors of g(v).
7
List the prime factors of 31/3*(-46 + 154).
2, 3, 31
Let q(h) = 3*h**2 - 16*h + 3. What are the prime factors of q(8)?
67
Let q(l) = 5*l + 57. Suppose h + 5*h = -2*h. What are the prime factors of q(h)?
3, 19
Let w be 132 - (-1)/(3/9). Suppose 2*m - v - w = 0, -m + 3*m = -3*v + 115. List the prime factors of m.
5, 13
List the prime factors of -1*(-3 - -7) + 1136.
2, 283
What are the prime factors of 0 + 8/(-12)*-6 - -1031?
3, 5, 23
List the prime factors of 909 - (6/51 - 490/(-170)).
2, 3, 151
Suppose 3*z + 3*f - 218 - 3235 = 0, -2*f + 8 = 0. What are the prime factors of z?
31, 37
Let a(t) = -7*t**2 + 8*t - 8. Let z(c) = c**2 + 1. Let m(b) = -a(b) - 6*z(b). Let s be m(10). Let l = 58 - s. What are the prime factors of l?
2, 3
Suppose -4*l - 672 = -g + l, 2*l - 693 = -g. List the prime factors of g.
3, 229
Let c(k) = -k + 8. Let q be c(8). Suppose q*b + 2*b = 124. What are the prime factors of b?
2, 31
Let i(f) = -28*f + 117. List the prime factors of i(-14).
509
Suppose -12*t - 16*t + 10640 = 0. List the prime factors of t.
2, 5, 19
Suppose -5 - 1 = -3*d, 0 = 5*x - 4*d + 173. Let a = 106 + x. What are the prime factors of a?
73
Let s(k) = 19*k - 23. Let y be s(17). Suppose 4*b = 5*p + 224, y - 52 = 4*b + p. What are the prime factors of b?
61
Let n(x) = -x + 5. Suppose 5*u = 30 + 10. Let j be n(u). List the prime factors of (276/(-8))/j*2.
23
Let z be 8 + -16 - (0 + 1 + -2). Let t be (-2)/8 - 142/8. Let f = z - t. What are the prime factors of f?
11
Suppose -8*q + 3*q - 5*i = 10, q - 4*i - 18 = 0. Suppose 4*r + 3*h = 6*h + 313, -2*h = -q. List the prime factors of r.
79
Suppose 3*y + 11*y = 3094. List the prime factors of y.
13, 17
Let n be 15/2*42/35. Let f(c) = c**3 - 9*c**2 + c - 4. Let g be f(n). Suppose 2*x + g